 17047
List the prime factors of 2268.
2, 3, 7
What are the prime factors of 961?
31
What are the prime factors of 591?
3, 197
List the prime factors of 350.
2, 5, 7
What are the prime factors of 2040?
2, 3, 5, 17
What are the prime factors of 7756?
2, 7, 277
List the prime factors of 2471.
7, 353
What are the prime factors of 1843?
19, 97
What are the prime factors of 17079?
3, 5693
What are the prime factors of 70506?
2, 3, 3917
What are the prime factors of 3336?
2, 3, 139
What are the prime factors of 64736?
2, 7, 17
List the prime factors of 13040.
2, 5, 163
List the prime factors of 21.
3, 7
List the prime factors of 6288.
2, 3, 131
List the prime factors of 9597.
3, 7, 457
What are the prime factors of 2431?
11, 13, 17
List the prime factors of 11759.
11, 1069
What are the prime factors of 1523?
1523
What are the prime factors of 3791?
17, 223
What are the prime factors of 169?
13
List the prime factors of 928.
2, 29
List the prime factors of 519.
3, 173
What are the prime factors of 792?
2, 3, 11
What are the prime factors of 2943?
3, 109
What are the prime factors of 1772?
2, 443
List the prime factors of 3089.
3089
List the prime factors of 46101.
3, 11, 127
What are the prime factors of 148?
2, 37
List the prime factors of 542.
2, 271
List the prime factors of 558.
2, 3, 31
List the prime factors of 1831.
1831
What are the prime factors of 12493?
13, 31
List the prime factors of 3762.
2, 3, 11, 19
List the prime factors of 9365.
5, 1873
What are the prime factors of 6140?
2, 5, 307
What are the prime factors of 50107?
89, 563
List the prime factors of 8468.
2, 29, 73
What are the prime factors of 5323?
5323
What are the prime factors of 15700?
2, 5, 157
What are the prime factors of 9274?
2, 4637
What are the prime factors of 6108?
2, 3, 509
What are the prime factors of 462?
2, 3, 7, 11
List the prime factors of 4457.
4457
List the prime factors of 6694.
2, 3347
List the prime factors of 97919.
97919
List the prime factors of 14191.
23, 617
List the prime factors of 55116.
2, 3, 1531
List the prime factors of 3998.
2, 1999
List the prime factors of 11920.
2, 5, 149
What are the prime factors of 19824?
2, 3, 7, 59
List the prime factors of 23302.
2, 61, 191
List the prime factors of 3713.
47, 79
What are the prime factors of 1262?
2, 631
List the prime factors of 4168.
2, 521
What are the prime factors of 5732?
2, 1433
What are the prime factors of 1954?
2, 977
List the prime factors of 1307.
1307
List the prime factors of 18897.
3, 6299
List the prime factors of 304.
2, 19
List the prime factors of 5463.
3, 607
What are the prime factors of 10932?
2, 3, 911
What are the prime factors of 33677?
7, 17, 283
List the prime factors of 7099.
31, 229
List the prime factors of 4448.
2, 139
List the prime factors of 3309.
3, 1103
What are the prime factors of 7051?
11, 641
What are the prime factors of 8839?
8839
List the prime factors of 433.
433
List the prime factors of 2917.
2917
List the prime factors of 2131.
2131
List the prime factors of 1147.
31, 37
List the prime factors of 8520.
2, 3, 5, 71
List the prime factors of 3501.
3, 389
What are the prime factors of 2045?
5, 409
List the prime factors of 25070.
2, 5, 23, 109
List the prime factors of 3381.
3, 7, 23
List the prime factors of 8797.
19, 463
List the prime factors of 26846.
2, 31, 433
List the prime factors of 2441.
2441
List the prime factors of 8816.
2, 19, 29
What are the prime factors of 1785?
3, 5, 7, 17
What are the prime factors of 13490?
2, 5, 19, 71
List the prime factors of 25504.
2, 797
List the prime factors of 847.
7, 11
What are the prime factors of 1348?
2, 337
List the prime factors of 3843.
3, 7, 61
What are the prime factors of 16816?
2, 1051
List the prime factors of 724.
2, 181
List the prime factors of 53417.
7, 13, 587
List the prime factors of 16810.
2, 5, 41
What are the prime factors of 21815?
5, 4363
What are the prime factors of 82126?
2, 11, 3733
List the prime factors of 119454.
2, 3, 43, 463
What are the prime factors of 2229?
3, 743
What are the prime factors of 39196?
2, 41, 239
What are the prime factors of 41701?
11, 17, 223
What are the prime factors of 103244?
2, 53, 487
What are the prime factors of 3085?
5, 617
List the prime factors of 6941.
11, 631
What are the prime factors of 80518?
2, 127, 317
List the prime factors of 1025.
5, 41
What are the prime factors of 1848?
2, 3, 7, 11
What are the prime factors of 3018?
2, 3, 503
What are the prime factors of 4661?
59, 79
What are the prime factors of 20829?
3, 53, 131
List the prime factors of 3566.
2, 1783
What are the prime factors of 9491?
9491
List the prime factors of 17615.
5, 13, 271
What are the prime factors of 477?
3, 53
List the prime factors of 553.
7, 79
What are the prime factors of 44417?
44417
What are the prime factors of 131?
131
What are the prime factors of 935?
5, 11, 17
List the prime factors of 23405.
5, 31, 151
List the prime factors of 1195.
5, 239
What are the prime factors of 5328?
2, 3, 37
What are the prime factors of 860?
2, 5, 43
What are the prime factors of 504?
2, 3, 7
What are the prime factors of 56403?
3, 2089
What are the prime factors of 28608?
2, 3, 149
List the prime factors of 4204.
2, 1051
List the prime factors of 2997.
3, 37
List the prime factors of 1066.
2, 13, 41
What are the prime factors of 5556?
2, 3, 463
What are the prime factors of 29571?
3, 9857
List the prime factors of 29693.
23, 1291
What are the prime factors of 7865?
5, 11, 13
List the prime factors of 26634.
2, 3, 23, 193
List the prime factors of 2213.
2213
List the prime factors of 3839.
11, 349
List the prime factors of 2222.
2, 11, 101
List the prime factors of 6634.
2, 31, 107
What are the prime factors of 10729?
10729
List the prime factors of 31685.
5, 6337
What are the prime factors of 10184?
2, 19, 67
List the prime factors of 1948.
2, 487
What are the prime factors of 4863?
3, 1621
What are the prime factors of 448?
2, 7
List the prime factors of 21083.
29, 727
List the prime factors of 35351.
23, 29, 53
List the prime factors of 56019.
3, 71, 263
What are the prime factors of 1714?
2, 857
List the prime factors of 963.
3, 107
List the prime factors of 1136.
2, 71
List the prime factors of 807.
3, 269
What are the prime factors of 358?
2, 179
List the prime factors of 1471.
1471
What are the prime factors of 3939?
3, 13, 101
List the prime factors of 30857.
59, 523
What are the prime factors of 3477?
3, 19, 61
List the prime factors of 14589.
3, 1621
List the prime factors of 1238.
2, 619
List the prime factors of 13084.
2, 3271
What are the prime factors of 2178?
2, 3, 11
What are the prime factors of 3404?
2, 23, 37
What are the prime factors of 3230?
2, 5, 17, 19
List the prime factors of 5300.
2, 5, 53
List the prime factors of 1429.
1429
List the prime factors of 430.
2, 5, 43
List the prime factors of 4276.
2, 1069
What are the prime factors of 37826?
2, 18913
What are the prime factors of 4018?
2, 7, 41
What are the prime factors of 822?
2, 3, 137
What are the prime factors of 2310?
2, 3, 5, 7, 11
What are the prime factors of 291?
3, 97
What are the prime factors of 22998?
2, 3, 3833
List the prime factors of 67758.
2, 3, 23, 491
List the prime factors of 18416.
2, 1151
List the prime factors of 5033.
7, 719
What are the prime factors of 2115?
3, 5, 47
What are the prime factors of 1789?
1789
What are the prime factors of 101?
101
What are the prime factors of 8169?
3, 7, 389
List the prime factors of 1544.
2, 193
List the prime factors of 4757.
67, 71
List the prime factors of 151.
151
List the prime factors of 26573.
26573
List the prime factors of 4105.
5, 821
What are the prime factors of 832?
2, 13
List the prime factors of 461.
461
What are the prime factors of 39469?
29, 1361
What are the prime factors of 3025?
5, 11
What are the prime factors of 1879?
1879
List the prime factors of 8257.
23, 359
What are the prime factors of 23799?
3, 7933
List the prime factors of 6805.
5, 1361
What are the prime factors of 2139?
3, 23, 31
What are the prime factors of 31553?
139, 227
List the prime factors of 10397.
37, 281
List the prime factors of 21579.
3, 7193
List the prime factors of 69.
3, 23
List the prime factors of 18815.
5, 53, 71
What are the prime fa